{"id":267,"date":"2016-07-11T11:13:13","date_gmt":"2016-07-11T11:13:13","guid":{"rendered":"http:\/\/www.magistrimediterranei.org\/es\/?post_type=portfolio&#038;p=267"},"modified":"2016-11-16T09:45:03","modified_gmt":"2016-11-16T09:45:03","slug":"carletti-lorenzo","status":"publish","type":"portfolio","link":"https:\/\/www.magistrimediterranei.org\/es\/item\/carletti-lorenzo\/","title":{"rendered":"Carletti, Lorenzo"},"content":{"rendered":"<div class=\"flex_column av_three_fourth  flex_column_div av-zero-column-padding first  avia-builder-el-0  el_before_av_one_fourth  avia-builder-el-first  \" style='border-radius:0px; '><section class=\"av_textblock_section \"  itemscope=\"itemscope\" itemtype=\"https:\/\/schema.org\/CreativeWork\" ><div class='avia_textblock  '   itemprop=\"text\" ><div class=\"pos-description\">\n<div class=\"element element-textarea first last\">\n<h1 style=\"text-align: justify;\">Carletti, Lorenzo<\/h1>\n<h3 style=\"text-align: justify;\">BIOGRAF\u00cdA<\/h3>\n<p style=\"text-align: justify;\">Lorenzo Carletti tiene un profundo conocimiento de las fuentes art\u00edsticas historiogr\u00e1ficas, especialmente entre la literatura art\u00edstica italiana y germana entre los siglos XVII y XVIII; as\u00ed como en las \u201cVite\u201d de Vasari y en la literatura art\u00edstica italiana del siglo XVI en general. Recientemente, ha estudiado la organizaci\u00f3n de exposiciones de arte medieval y Renacentista durante los reg\u00edmenes fascistas en Europa y Estados Unidos. Sus investigaciones sobre arte medieval en Italia Central incluyen la escultura en madera y m\u00e1rmol, la arquitectura religiosa y la pintura sobre tabla, especialmente de cruces pintadas e iconos Bizantinos, con especial atenci\u00f3n a las relaciones art\u00edsticas entre las diferentes tradiciones culturales del Mediterr\u00e1neo.<\/p>\n<p style=\"text-align: justify;\">Es especialista en la historia temprana y la decoraci\u00f3n de la Catedral de Pisa y los monumentos que la rodean, y ha estudiado su evoluci\u00f3n a los largo de los siglos. Ha investigado tambi\u00e9n en profundidad, los frescos medievales y otras t\u00e9cnicas pict\u00f3ricas, trabajando durante unos quince a\u00f1os con los restauradores de la Opera della Primaziale Pisana (Pisa) y del Opificio delle Pietre Dure (Florencia). En consecuencia, posee un vasto conocimiento y experiencia sobre la restauraci\u00f3n y conservaci\u00f3n de obras de arte, particularmente las del Camposanto monumental de Pisa.<\/p>\n<h3>PUBLICACIONES<\/h3>\n<ul>\n<li>CARLETTI &#8211; F. POLACCI, <em>Transition between Life and Afterlife: Analyzing The Triumph of Death in the Camposanto of Pisa<\/em>, in \u00abSigns and Society\u00bb, vol. 2, 1, <strong>2014<\/strong>, pp. 84-120, segnatamente pp. 90-106 <strong>ISSN 2326-4489; E-ISSN 2326-4497\u00a0<\/strong><a href=\"http:\/\/www.magistrimediterranei.org\/wp-content\/uploads\/2016\/07\/TransitionBetweenLifeAndAfterLife.pdf\">[PDF]<\/a><\/li>\n<li>CARLETTI,\u00a0<em>Sculture erratiche pisane: una schedatura giovanile di Enzo Carli<\/em>, in A. CALECA (ed.), <em>Lo storico dell\u2019arte ben temperato: studi in memoria di Enzo Carli, <\/em>Pisa, (Pacini editore), <strong>2013<\/strong>, pp. 119-190 <strong>ISBN: 978-88-6315-502-0\u00a0<\/strong><a href=\"http:\/\/www.magistrimediterranei.org\/wp-content\/uploads\/2016\/07\/Carli.pdf\">[PDF]<\/a><\/li>\n<li>CARLETTI &#8211; C. GIOMETTI (eds.),\u00a0<em>Le due facce della Croce. Giunta Pisano tra un profumiere ebreo e le leggi di Bottai<\/em>, Pisa <strong>2012 <\/strong><strong>ISBN: 978-88-4673-388-7\u00a0<\/strong><a href=\"http:\/\/www.magistrimediterranei.org\/wp-content\/uploads\/2016\/07\/LedueFaccedellaCroce.pdf\">[PDF]<\/a><\/li>\n<li>CARLETTI, <em>L\u2019Alto Medioevo<\/em>; <em>Gli Strumenti<\/em>; <em>I reimpieghi<\/em>; <em>Opere nobilissime, mirabili e preziose<\/em>; <em>Di pietra e d\u2019acqua<\/em>; <em>Ricordi d\u2019oltremare<\/em>; <em>Tra maestri lombardi e scultori greci<\/em>; <em>Lavori di commesso e tarsie<\/em>, in\u00a0L. CARLETTI &#8211; C. GIOMETTI (eds.), <em>Pietre vecchie ma non antiche. Compendio di scultura medievale pisana fino all&#8217;et\u00e0 di Giotto<\/em>, Pisa <strong>2010<\/strong>, pp. 21-89. <strong>ISBN: 978-88-6315-240-1<\/strong><\/li>\n<li>CARLETTI, <em>Risalendo la corrente: sulle tracce dell&#8217;arte medievale<\/em>, in L. CARLETTI (ed.),\u00a0<em>Viaggio pittorico a Bientina e dintorni<\/em>, Pisa <strong>2008<\/strong>, pp. 13-47. [PDF]<\/li>\n<li>CARLETTI &#8211; C. GIOMETTI, <em>Un \u201cCrocifisso doloroso\u201d ma non troppo. Il caso di Santa Maria a Monte<\/em>, in Ibidem, pp. 48-51;\u00a0<em>Tra tardogotico e primo Rinascimento: due opere di confine a Montecarlo di Lucca<\/em>, in Ibidem, pp. 52-55. <strong>ISBN: 978-88-7781-932-1<\/strong><\/li>\n<\/ul>\n<\/div>\n<\/div>\n<div class=\"pos-summary\"><\/div>\n<\/div><\/section><\/div><div class=\"flex_column av_one_fourth  flex_column_div av-zero-column-padding   avia-builder-el-2  el_after_av_three_fourth  avia-builder-el-last  \" style='border-radius:0px; '><div class='avia-image-container  av-styling-    avia-builder-el-3  avia-builder-el-no-sibling  avia-align-center '  itemprop=\"image\" itemscope=\"itemscope\" itemtype=\"https:\/\/schema.org\/ImageObject\"  ><div class='avia-image-container-inner'><div class='avia-image-overlay-wrap'><img class='avia_image' src='https:\/\/www.magistrimediterranei.org\/wp-content\/uploads\/2016\/07\/lorenzo-carletti-226x300.jpg' alt='' title='lorenzo-carletti' height=\"300\" width=\"226\"  itemprop=\"thumbnailUrl\"  \/><\/div><\/div><\/div><\/div><\/p>\n","protected":false},"excerpt":{"rendered":"","protected":false},"featured_media":398,"comment_status":"open","ping_status":"closed","template":"","tags":[],"portfolio_entries":[15],"_links":{"self":[{"href":"https:\/\/www.magistrimediterranei.org\/es\/wp-json\/wp\/v2\/portfolio\/267"}],"collection":[{"href":"https:\/\/www.magistrimediterranei.org\/es\/wp-json\/wp\/v2\/portfolio"}],"about":[{"href":"https:\/\/www.magistrimediterranei.org\/es\/wp-json\/wp\/v2\/types\/portfolio"}],"replies":[{"embeddable":true,"href":"https:\/\/www.magistrimediterranei.org\/es\/wp-json\/wp\/v2\/comments?post=267"}],"version-history":[{"count":1,"href":"https:\/\/www.magistrimediterranei.org\/es\/wp-json\/wp\/v2\/portfolio\/267\/revisions"}],"predecessor-version":[{"id":399,"href":"https:\/\/www.magistrimediterranei.org\/es\/wp-json\/wp\/v2\/portfolio\/267\/revisions\/399"}],"wp:featuredmedia":[{"embeddable":true,"href":"https:\/\/www.magistrimediterranei.org\/es\/wp-json\/wp\/v2\/media\/398"}],"wp:attachment":[{"href":"https:\/\/www.magistrimediterranei.org\/es\/wp-json\/wp\/v2\/media?parent=267"}],"wp:term":[{"taxonomy":"post_tag","embeddable":true,"href":"https:\/\/www.magistrimediterranei.org\/es\/wp-json\/wp\/v2\/tags?post=267"},{"taxonomy":"portfolio_entries","embeddable":true,"href":"https:\/\/www.magistrimediterranei.org\/es\/wp-json\/wp\/v2\/portfolio_entries?post=267"}],"curies":[{"name":"wp","href":"https:\/\/api.w.org\/{rel}","templated":true}]}}

<div class="flex_column av_three_fourth  flex_column_div av-zero-column-padding first  avia-builder-el-0  el_before_av_one_fourth  avia-builder-el-first  " style='border-radius:0px; '><section class="av_textblock_section "  itemscope="itemscope" itemtype="https://schema.org/CreativeWork" ><div class='avia_textblock  '   itemprop="text" ><div class="pos-description">
<div class="element element-textarea first last">
<h1 style="text-align: justify;">Carletti, Lorenzo</h1>
<h3 style="text-align: justify;">BIOGRAFÍA</h3>
<p style="text-align: justify;">Lorenzo Carletti tiene un profundo conocimiento de las fuentes artísticas historiográficas, especialmente entre la literatura artística italiana y germana entre los siglos XVII y XVIII; así como en las “Vite” de Vasari y en la literatura artística italiana del siglo XVI en general. Recientemente, ha estudiado la organización de exposiciones de arte medieval y Renacentista durante los regímenes fascistas en Europa y Estados Unidos. Sus investigaciones sobre arte medieval en Italia Central incluyen la escultura en madera y mármol, la arquitectura religiosa y la pintura sobre tabla, especialmente de cruces pintadas e iconos Bizantinos, con especial atención a las relaciones artísticas entre las diferentes tradiciones culturales del Mediterráneo.</p>
<p style="text-align: justify;">Es especialista en la historia temprana y la decoración de la Catedral de Pisa y los monumentos que la rodean, y ha estudiado su evolución a los largo de los siglos. Ha investigado también en profundidad, los frescos medievales y otras técnicas pictóricas, trabajando durante unos quince años con los restauradores de la Opera della Primaziale Pisana (Pisa) y del Opificio delle Pietre Dure (Florencia). En consecuencia, posee un vasto conocimiento y experiencia sobre la restauración y conservación de obras de arte, particularmente las del Camposanto monumental de Pisa.</p>
<h3>PUBLICACIONES</h3>
<ul>
<li>CARLETTI &#8211; F. POLACCI, <em>Transition between Life and Afterlife: Analyzing The Triumph of Death in the Camposanto of Pisa</em>, in «Signs and Society», vol. 2, 1, <strong>2014</strong>, pp. 84-120, segnatamente pp. 90-106 <strong>ISSN 2326-4489; E-ISSN 2326-4497 </strong><a href="http://www.magistrimediterranei.org/wp-content/uploads/2016/07/TransitionBetweenLifeAndAfterLife.pdf">[PDF]</a></li>
<li>CARLETTI, <em>Sculture erratiche pisane: una schedatura giovanile di Enzo Carli</em>, in A. CALECA (ed.), <em>Lo storico dell’arte ben temperato: studi in memoria di Enzo Carli, </em>Pisa, (Pacini editore), <strong>2013</strong>, pp. 119-190 <strong>ISBN: 978-88-6315-502-0 </strong><a href="http://www.magistrimediterranei.org/wp-content/uploads/2016/07/Carli.pdf">[PDF]</a></li>
<li>CARLETTI &#8211; C. GIOMETTI (eds.), <em>Le due facce della Croce. Giunta Pisano tra un profumiere ebreo e le leggi di Bottai</em>, Pisa <strong>2012 </strong><strong>ISBN: 978-88-4673-388-7 </strong><a href="http://www.magistrimediterranei.org/wp-content/uploads/2016/07/LedueFaccedellaCroce.pdf">[PDF]</a></li>
<li>CARLETTI, <em>L’Alto Medioevo</em>; <em>Gli Strumenti</em>; <em>I reimpieghi</em>; <em>Opere nobilissime, mirabili e preziose</em>; <em>Di pietra e d’acqua</em>; <em>Ricordi d’oltremare</em>; <em>Tra maestri lombardi e scultori greci</em>; <em>Lavori di commesso e tarsie</em>, in L. CARLETTI &#8211; C. GIOMETTI (eds.), <em>Pietre vecchie ma non antiche. Compendio di scultura medievale pisana fino all&#8217;età di Giotto</em>, Pisa <strong>2010</strong>, pp. 21-89. <strong>ISBN: 978-88-6315-240-1</strong></li>
<li>CARLETTI, <em>Risalendo la corrente: sulle tracce dell&#8217;arte medievale</em>, in L. CARLETTI (ed.), <em>Viaggio pittorico a Bientina e dintorni</em>, Pisa <strong>2008</strong>, pp. 13-47. [PDF]</li>
<li>CARLETTI &#8211; C. GIOMETTI, <em>Un “Crocifisso doloroso” ma non troppo. Il caso di Santa Maria a Monte</em>, in Ibidem, pp. 48-51; <em>Tra tardogotico e primo Rinascimento: due opere di confine a Montecarlo di Lucca</em>, in Ibidem, pp. 52-55. <strong>ISBN: 978-88-7781-932-1</strong></li>
</ul>
</div>
</div>
<div class="pos-summary"></div>
</div></section></div><div class="flex_column av_one_fourth  flex_column_div av-zero-column-padding   avia-builder-el-2  el_after_av_three_fourth  avia-builder-el-last  " style='border-radius:0px; '><div class='avia-image-container  av-styling-    avia-builder-el-3  avia-builder-el-no-sibling  avia-align-center '  itemprop="image" itemscope="itemscope" itemtype="https://schema.org/ImageObject"  ><div class='avia-image-container-inner'><div class='avia-image-overlay-wrap'><img class='avia_image' src='https://www.magistrimediterranei.org/wp-content/uploads/2016/07/lorenzo-carletti-226x300.jpg' alt='' title='lorenzo-carletti' height="300" width="226"  itemprop="thumbnailUrl"  /></div></div></div></div></p>
