{"id":324,"date":"2016-07-18T06:54:54","date_gmt":"2016-07-18T06:54:54","guid":{"rendered":"http:\/\/www.magistrimediterranei.org\/ca\/?post_type=portfolio&#038;p=324"},"modified":"2016-07-18T06:54:54","modified_gmt":"2016-07-18T06:54:54","slug":"barniol-lopez-montse","status":"publish","type":"portfolio","link":"https:\/\/www.magistrimediterranei.org\/ca\/item\/barniol-lopez-montse\/","title":{"rendered":"Barniol L\u00f3pez, Montse"},"content":{"rendered":"<div class=\"flex_column av_three_fourth  flex_column_div av-zero-column-padding first  avia-builder-el-0  el_before_av_one_fourth  avia-builder-el-first  \" style='border-radius:0px; '><section class=\"av_textblock_section \"  itemscope=\"itemscope\" itemtype=\"https:\/\/schema.org\/CreativeWork\" ><div class='avia_textblock  '   itemprop=\"text\" ><h1 class=\"pos-title\" style=\"text-align: justify;\">BARNIOL L\u00d3PEZ, MONTSE<\/h1>\n<div class=\"pos-summary\">\n<div class=\"element element-textarea first last\">\n<div class=\"pos-description\">\n<div class=\"element element-textarea first last\">\n<h3>BIOGRAFIA<\/h3>\n<p>Montse Barniol (Gironella, 1982), \u00e9s doctora en Hist\u00f2ria de l\u2019Art (2013) per la Universitat Aut\u00f2noma de Barcelona (UAB) per la tesi\u00a0<i>Sant Antoni Abat a Catalunya en els segles XIV-XV: relat, devoci\u00f3 i art<\/i>. A la mateixa Universitat, es va llicenciar en Hist\u00f2ria de l\u2019Art, l\u2019any 2004, amb Premi Extraordinari, i, dos anys despr\u00e9s, va obtenir el Diploma d\u2019Estudis Avan\u00e7ats amb una tesina dedicada al culte i a la iconografia de sant Onofre en el g\u00f2tic catal\u00e0.<\/p>\n<p>Ha estat bec\u00e0ria predoctoral de la Generalitat de Catalunya (FI) al Departament d\u2019Art i Musicologia de la UAB, on ha desenvolupat tasques docents i investigadores. L\u2019any 2007 (mar\u00e7-maig) va realitzar una estada de recerca al Centre d\u2019\u00c9tudes Sup\u00e9rieures de Civilisation M\u00e9di\u00e9vale (C\u00c9SCM) de Poitiers, gr\u00e0cies a una beca d\u2019estada (BE) de la Generalitat. Ha participat en diversos projectes d\u2019investigaci\u00f3, entre els quals cal destacar<i>Modelos, influencias e intenciones en el arte de Arag\u00f3n y Navarra de los siglos X-XIII<\/i> (HUM2006-12475). La seva recerca se centra en l\u2019art g\u00f2tic catal\u00e0, especialment en la iconografia hagiogr\u00e0fica. Fruit de la seva tasca investigadora en s\u00f3n diverses publicacions i comunicacions a congressos nacionals i internacionals. Tamb\u00e9 ha coeditat el volum <i>Bella i solemne. La creu g\u00f2tica dels Sants M\u00e0rtirs i la Cardona del seu temps<\/i>, Cardona, 2010.<\/p>\n<\/div>\n<\/div>\n<div class=\"pos-summary\">\n<div class=\"element element-textarea first last\">\n<h3>PUBLICACIONS<\/h3>\n<ul>\n<li>BARNIOL, M., \u201cEl culto a San Onofre en Catalu\u00f1a durante los siglos XIV y XV\u201d, <i>El culto a los santos: cofrad\u00edas, devoci\u00f3n, fiestas y arte, Actas del Simposium, 2\/5-<i>IX<\/i>-2008<\/i>, Instituto Escurialense de Investigaciones hist\u00f3ricas y art\u00edsticas, San Lorenzo de El Escorial, 2008, p. 177-190.<\/li>\n<li>BARNIOL, M., \u201cBella i solemne\u201d. La creu dels Sants M\u00e0rtirs de Cardona\u201d, M. BARNIOL, J. DURAN-PORTA (eds.), <i>Bella i solemne. La creu g\u00f2tica dels Sants M\u00e0rtirs i la Cardona del seu temps<\/i>, Cardona, 2010, p. 109-143. <a href=\"https:\/\/docs.google.com\/open?id=0B2_c18CTtwNaaUtoVS0tQ1M2MFE\" target=\"_blank\">[PDF]<\/a><\/li>\n<li>BARNIOL, M., \u201cAl marge de la <i>Llegenda \u00c0uria<\/i>? La invenci\u00f3 del cos de sant Antoni Abat a Catalunya\u201d, <i>Porticvm<\/i>, 2 (2011), p. 90-107 (Homenatge a la professora Marisa Melero). <a href=\"https:\/\/docs.google.com\/open?id=0B2_c18CTtwNadUxzaElMaWdOZ3c\" target=\"_blank\">[PDF]<\/a><\/li>\n<\/ul>\n<\/div>\n<\/div>\n<div class=\"pos-summary\" style=\"text-align: justify; line-height: 1.5;\"><\/div>\n<\/div>\n<\/div>\n<\/div><\/section><\/div><div class=\"flex_column av_one_fourth  flex_column_div av-zero-column-padding   avia-builder-el-2  el_after_av_three_fourth  avia-builder-el-last  \" style='border-radius:0px; '><div class='avia-image-container  av-styling-    avia-builder-el-3  avia-builder-el-no-sibling  avia-align-center '  itemprop=\"image\" itemscope=\"itemscope\" itemtype=\"https:\/\/schema.org\/ImageObject\"  ><div class='avia-image-container-inner'><div class='avia-image-overlay-wrap'><img class='avia_image' src='https:\/\/www.magistrimediterranei.org\/wp-content\/uploads\/2016\/06\/montse-barniol.jpg' alt='' title='montse-barniol' height=\"302\" width=\"228\"  itemprop=\"thumbnailUrl\"  \/><\/div><\/div><\/div><\/div><\/p>\n","protected":false},"excerpt":{"rendered":"","protected":false},"featured_media":142,"comment_status":"open","ping_status":"closed","template":"","tags":[],"portfolio_entries":[29],"_links":{"self":[{"href":"https:\/\/www.magistrimediterranei.org\/ca\/wp-json\/wp\/v2\/portfolio\/324"}],"collection":[{"href":"https:\/\/www.magistrimediterranei.org\/ca\/wp-json\/wp\/v2\/portfolio"}],"about":[{"href":"https:\/\/www.magistrimediterranei.org\/ca\/wp-json\/wp\/v2\/types\/portfolio"}],"replies":[{"embeddable":true,"href":"https:\/\/www.magistrimediterranei.org\/ca\/wp-json\/wp\/v2\/comments?post=324"}],"version-history":[{"count":0,"href":"https:\/\/www.magistrimediterranei.org\/ca\/wp-json\/wp\/v2\/portfolio\/324\/revisions"}],"wp:featuredmedia":[{"embeddable":true,"href":"https:\/\/www.magistrimediterranei.org\/ca\/wp-json\/wp\/v2\/media\/142"}],"wp:attachment":[{"href":"https:\/\/www.magistrimediterranei.org\/ca\/wp-json\/wp\/v2\/media?parent=324"}],"wp:term":[{"taxonomy":"post_tag","embeddable":true,"href":"https:\/\/www.magistrimediterranei.org\/ca\/wp-json\/wp\/v2\/tags?post=324"},{"taxonomy":"portfolio_entries","embeddable":true,"href":"https:\/\/www.magistrimediterranei.org\/ca\/wp-json\/wp\/v2\/portfolio_entries?post=324"}],"curies":[{"name":"wp","href":"https:\/\/api.w.org\/{rel}","templated":true}]}}

Barniol López, Montse

<div class="flex_column av_three_fourth  flex_column_div av-zero-column-padding first  avia-builder-el-0  el_before_av_one_fourth  avia-builder-el-first  " style='border-radius:0px; '><section class="av_textblock_section "  itemscope="itemscope" itemtype="https://schema.org/CreativeWork" ><div class='avia_textblock  '   itemprop="text" ><h1 class="pos-title" style="text-align: justify;">BARNIOL LÓPEZ, MONTSE</h1>
<div class="pos-summary">
<div class="element element-textarea first last">
<div class="pos-description">
<div class="element element-textarea first last">
<h3>BIOGRAFIA</h3>
<p>Montse Barniol (Gironella, 1982), és doctora en Història de l’Art (2013) per la Universitat Autònoma de Barcelona (UAB) per la tesi <i>Sant Antoni Abat a Catalunya en els segles XIV-XV: relat, devoció i art</i>. A la mateixa Universitat, es va llicenciar en Història de l’Art, l’any 2004, amb Premi Extraordinari, i, dos anys després, va obtenir el Diploma d’Estudis Avançats amb una tesina dedicada al culte i a la iconografia de sant Onofre en el gòtic català.</p>
<p>Ha estat becària predoctoral de la Generalitat de Catalunya (FI) al Departament d’Art i Musicologia de la UAB, on ha desenvolupat tasques docents i investigadores. L’any 2007 (març-maig) va realitzar una estada de recerca al Centre d’Études Supérieures de Civilisation Médiévale (CÉSCM) de Poitiers, gràcies a una beca d’estada (BE) de la Generalitat. Ha participat en diversos projectes d’investigació, entre els quals cal destacar<i>Modelos, influencias e intenciones en el arte de Aragón y Navarra de los siglos X-XIII</i> (HUM2006-12475). La seva recerca se centra en l’art gòtic català, especialment en la iconografia hagiogràfica. Fruit de la seva tasca investigadora en són diverses publicacions i comunicacions a congressos nacionals i internacionals. També ha coeditat el volum <i>Bella i solemne. La creu gòtica dels Sants Màrtirs i la Cardona del seu temps</i>, Cardona, 2010.</p>
</div>
</div>
<div class="pos-summary">
<div class="element element-textarea first last">
<h3>PUBLICACIONS</h3>
<ul>
<li>BARNIOL, M., “El culto a San Onofre en Cataluña durante los siglos XIV y XV”, <i>El culto a los santos: cofradías, devoción, fiestas y arte, Actas del Simposium, 2/5-<i>IX</i>-2008</i>, Instituto Escurialense de Investigaciones históricas y artísticas, San Lorenzo de El Escorial, 2008, p. 177-190.</li>
<li>BARNIOL, M., “Bella i solemne”. La creu dels Sants Màrtirs de Cardona”, M. BARNIOL, J. DURAN-PORTA (eds.), <i>Bella i solemne. La creu gòtica dels Sants Màrtirs i la Cardona del seu temps</i>, Cardona, 2010, p. 109-143. <a href="https://docs.google.com/open?id=0B2_c18CTtwNaaUtoVS0tQ1M2MFE" target="_blank">[PDF]</a></li>
<li>BARNIOL, M., “Al marge de la <i>Llegenda Àuria</i>? La invenció del cos de sant Antoni Abat a Catalunya”, <i>Porticvm</i>, 2 (2011), p. 90-107 (Homenatge a la professora Marisa Melero). <a href="https://docs.google.com/open?id=0B2_c18CTtwNadUxzaElMaWdOZ3c" target="_blank">[PDF]</a></li>
</ul>
</div>
</div>
<div class="pos-summary" style="text-align: justify; line-height: 1.5;"></div>
</div>
</div>
</div></section></div><div class="flex_column av_one_fourth  flex_column_div av-zero-column-padding   avia-builder-el-2  el_after_av_three_fourth  avia-builder-el-last  " style='border-radius:0px; '><div class='avia-image-container  av-styling-    avia-builder-el-3  avia-builder-el-no-sibling  avia-align-center '  itemprop="image" itemscope="itemscope" itemtype="https://schema.org/ImageObject"  ><div class='avia-image-container-inner'><div class='avia-image-overlay-wrap'><img class='avia_image' src='https://www.magistrimediterranei.org/wp-content/uploads/2016/06/montse-barniol.jpg' alt='' title='montse-barniol' height="302" width="228"  itemprop="thumbnailUrl"  /></div></div></div></div></p>
