{"id":321,"date":"2016-07-14T07:52:57","date_gmt":"2016-07-14T07:52:57","guid":{"rendered":"http:\/\/www.magistrimediterranei.org\/ca\/?post_type=portfolio&#038;p=321"},"modified":"2016-07-14T07:52:57","modified_gmt":"2016-07-14T07:52:57","slug":"verdaguer-serrat-judit","status":"publish","type":"portfolio","link":"https:\/\/www.magistrimediterranei.org\/ca\/item\/verdaguer-serrat-judit\/","title":{"rendered":"Verdaguer Serrat, Judit"},"content":{"rendered":"<div class=\"flex_column av_three_fourth  flex_column_div av-zero-column-padding first  avia-builder-el-0  el_before_av_one_fourth  avia-builder-el-first  \" style='border-radius:0px; '><section class=\"av_textblock_section \"  itemscope=\"itemscope\" itemtype=\"https:\/\/schema.org\/CreativeWork\" ><div class='avia_textblock  '   itemprop=\"text\" ><h1 class=\"pos-title\" style=\"text-align: justify;\">VERDAGUER SERRAT, JUDIT<\/h1>\n<div class=\"pos-summary\">\n<div class=\"element element-textarea first last\">\n<div class=\"pos-description\">\n<div class=\"element element-textarea first last\">\n<h3>BIOGRAFIA<\/h3>\n<p>Judit Verdaguer (Vic, 1965) \u00e9s des de l\u2019any 2009 conservadora del Museu Episcopal de Vic. Anteriorment va ser Cap de l\u2019\u00c0rea de Restauraci\u00f3 i Conservaci\u00f3 Preventiva del MEV. Ha estat comissaria de l\u2019exposici\u00f3 <i>Fastes de la Couronne d\u2019Aragon. Dialogue entre les broderies et les tissus du Mus\u00e9e des Tissus de Lyon et le Mus\u00e9e \u00c9piscopal de Vic <\/i>(MEV-MTL, 2010-201) i adjunta al comissariat de l\u2019exposici\u00f3 <i>Princesa<\/i> <i>S\u00e0via. Les pintures de santa Caterina de la Seu d\u2019Urgell <\/i>(MEV-MNAC 2009-2010). Ha coordinat les exposicions <i>El cel pintat. El baldaqu\u00ed de Tost<\/i>, (MEV 2001), <i>Gilabertus. Un viatge decisiu a la descoberta del rom\u00e0nic,<\/i> amb col\u00b7laboraci\u00f3 amb el Mus\u00e9e des Augustins de Toulouse (2007), <i>Mem\u00f2ria del Vidre. Grans vitralls Medievals de Fran\u00e7a<\/i> (MEV i Mus\u00e9e des Monuments Fran\u00e7ais de Par\u00eds, 2006) i <i>Caps de Notre Dame de Paris<\/i> amb el Mus\u00e9e National de Moyen-Age de Par\u00eds l\u2019any 2004.<\/p>\n<p>Llicenciada en Hist\u00f2ria de l\u2019Art per la Universitat de Barcelona ha desenvolupat la seva experi\u00e8ncia professional dins els \u00e0mbits de la gesti\u00f3 i la conservaci\u00f3 de les col\u00b7leccions d\u2019art. Les seves investigacions es centren en l\u2019estudi dels materials i les t\u00e8cniques art\u00edstiques de les obres medievals.<\/p>\n<p>\u00c9s coordinadora dels estudis experimentals dels\u00a0 materials i de les t\u00e8cniques d\u2019execuci\u00f3 emprades pels artistes entre els segles XI i XV d\u2019aquest Projecte de Recerca del MICINN \u201cArtistas, Patronos y P\u00fablico. Catalu\u00f1a y el Mediterr\u00e1neo (s. XI-XV) <i>\u2013<\/i> MAGISTRI CATALONIAE\u201d<i> <\/i>(HAR2011-23015) pel per\u00edode 2012-2014.<\/p>\n<\/div>\n<\/div>\n<div class=\"pos-summary\">\n<div class=\"element element-textarea first last\">\n<h3>PUBLICACIONS<\/h3>\n<ul>\n<li>VERDAGUER, J.; ALCAYDE, M.J.; &#8220;Descobrint i interpretant la mat\u00e8ria. La policromia de la pintura sobre taula rom\u00e0nica catalana segons els exemples de Puigb\u00f2, Ribes, Espinelves i Llu\u00e7\u00e0&#8221;,\u00a0<i>Pintar fa mil anys. El colors i l\u2019ofici del pintor rom\u00e0nic<\/i>, ed. M. Casti\u00f1eiras, J. Verdaguer, Universitat Aut\u00f2noma de Barcelona, Bellaterra, 2014.\u00a0<a href=\"https:\/\/drive.google.com\/file\/d\/0B2_c18CTtwNaM3FfTUNjN3VHU0U\/view?usp=sharing\" target=\"_blank\">[PDF]<\/a>.<\/li>\n<li>VERDAGUER, J., \u201cSanta Caterina de la Seu d\u2019Urgell. Un altre exemple de dispersi\u00f3 de pintura mural rom\u00e0nica\u201d,<i> La Princesa s\u00e0via. Les pintures de santa caterina de la Seu d\u2019Urgell,<\/i> MEV-MNAC, 2009, p. 13-22 (cat\u00e0leg d\u2019exposici\u00f3). <a href=\"https:\/\/docs.google.com\/open?id=0B2_c18CTtwNaZFY3a183S1plVjg\" target=\"_blank\">[PDF]<\/a><\/li>\n<li>VERDAGUER, J., \u201cIl Museo Episcopale de Vic: una raccolta storica in un edificio d\u2019avanguardia\u201d, <i>Kerm\u00e9s,<\/i> <i>\u00a0La rivista del restauro<\/i>, 77 (gener-febrer 2010), p. 55-61.<\/li>\n<li>VERDAGUER, J., \u201cLa collection de tissus du Mus\u00e9e \u00c9piscopal de Vic\u201d, <i>Fastes de la Couronne d\u2019Aragon. Dialogue entre les broderies et les tissus du Mus\u00e9e des Tissus de Lyon et du Mus\u00e9e Episcopal de Vic<\/i>, MEV-MTL, 2010, p. 16-19. <a href=\"https:\/\/docs.google.com\/open?id=0B2_c18CTtwNaTV9mVmttekZFOFU\" target=\"_blank\">[PDF]<\/a><\/li>\n<li>VERDAGUER, J.; CASTI\u00d1EIRAS, M., \u201cNoves aportacions sobre la hist\u00f2ria i la t\u00e8cnica d&#8217;execuci\u00f3 de les pintures murals de Santa Caterina de la Seu d\u2019Urgell: els fragments del Sant Sopar (MEV) i del Martiri de santa Caterina (Fundaci\u00f3 Abegg)\u201d, <i>Quaderns del MEV<\/i>, V (2011-2012), p. 49-77. <a href=\"https:\/\/docs.google.com\/open?id=0B2_c18CTtwNaVUJUWnlFLXViekU\" target=\"_blank\">[PDF]<\/a><\/li>\n<\/ul>\n<\/div>\n<\/div>\n<div class=\"pos-summary\" style=\"text-align: justify; line-height: 1.5;\"><\/div>\n<\/div>\n<\/div>\n<\/div><\/section><\/div><div class=\"flex_column av_one_fourth  flex_column_div av-zero-column-padding   avia-builder-el-2  el_after_av_three_fourth  avia-builder-el-last  \" style='border-radius:0px; '><div class='avia-image-container  av-styling-    avia-builder-el-3  avia-builder-el-no-sibling  avia-align-center '  itemprop=\"image\" itemscope=\"itemscope\" itemtype=\"https:\/\/schema.org\/ImageObject\"  ><div class='avia-image-container-inner'><div class='avia-image-overlay-wrap'><img class='avia_image' src='https:\/\/www.magistrimediterranei.org\/wp-content\/uploads\/2016\/06\/judit-verdaguer.jpg' alt='' title='judit-verdaguer' height=\"302\" width=\"228\"  itemprop=\"thumbnailUrl\"  \/><\/div><\/div><\/div><\/div><\/p>\n","protected":false},"excerpt":{"rendered":"","protected":false},"featured_media":147,"comment_status":"open","ping_status":"closed","template":"","tags":[],"portfolio_entries":[28],"_links":{"self":[{"href":"https:\/\/www.magistrimediterranei.org\/ca\/wp-json\/wp\/v2\/portfolio\/321"}],"collection":[{"href":"https:\/\/www.magistrimediterranei.org\/ca\/wp-json\/wp\/v2\/portfolio"}],"about":[{"href":"https:\/\/www.magistrimediterranei.org\/ca\/wp-json\/wp\/v2\/types\/portfolio"}],"replies":[{"embeddable":true,"href":"https:\/\/www.magistrimediterranei.org\/ca\/wp-json\/wp\/v2\/comments?post=321"}],"version-history":[{"count":0,"href":"https:\/\/www.magistrimediterranei.org\/ca\/wp-json\/wp\/v2\/portfolio\/321\/revisions"}],"wp:featuredmedia":[{"embeddable":true,"href":"https:\/\/www.magistrimediterranei.org\/ca\/wp-json\/wp\/v2\/media\/147"}],"wp:attachment":[{"href":"https:\/\/www.magistrimediterranei.org\/ca\/wp-json\/wp\/v2\/media?parent=321"}],"wp:term":[{"taxonomy":"post_tag","embeddable":true,"href":"https:\/\/www.magistrimediterranei.org\/ca\/wp-json\/wp\/v2\/tags?post=321"},{"taxonomy":"portfolio_entries","embeddable":true,"href":"https:\/\/www.magistrimediterranei.org\/ca\/wp-json\/wp\/v2\/portfolio_entries?post=321"}],"curies":[{"name":"wp","href":"https:\/\/api.w.org\/{rel}","templated":true}]}}

<div class="flex_column av_three_fourth  flex_column_div av-zero-column-padding first  avia-builder-el-0  el_before_av_one_fourth  avia-builder-el-first  " style='border-radius:0px; '><section class="av_textblock_section "  itemscope="itemscope" itemtype="https://schema.org/CreativeWork" ><div class='avia_textblock  '   itemprop="text" ><h1 class="pos-title" style="text-align: justify;">VERDAGUER SERRAT, JUDIT</h1>
<div class="pos-summary">
<div class="element element-textarea first last">
<div class="pos-description">
<div class="element element-textarea first last">
<h3>BIOGRAFIA</h3>
<p>Judit Verdaguer (Vic, 1965) és des de l’any 2009 conservadora del Museu Episcopal de Vic. Anteriorment va ser Cap de l’Àrea de Restauració i Conservació Preventiva del MEV. Ha estat comissaria de l’exposició <i>Fastes de la Couronne d’Aragon. Dialogue entre les broderies et les tissus du Musée des Tissus de Lyon et le Musée Épiscopal de Vic </i>(MEV-MTL, 2010-201) i adjunta al comissariat de l’exposició <i>Princesa</i> <i>Sàvia. Les pintures de santa Caterina de la Seu d’Urgell </i>(MEV-MNAC 2009-2010). Ha coordinat les exposicions <i>El cel pintat. El baldaquí de Tost</i>, (MEV 2001), <i>Gilabertus. Un viatge decisiu a la descoberta del romànic,</i> amb col·laboració amb el Musée des Augustins de Toulouse (2007), <i>Memòria del Vidre. Grans vitralls Medievals de França</i> (MEV i Musée des Monuments Français de París, 2006) i <i>Caps de Notre Dame de Paris</i> amb el Musée National de Moyen-Age de París l’any 2004.</p>
<p>Llicenciada en Història de l’Art per la Universitat de Barcelona ha desenvolupat la seva experiència professional dins els àmbits de la gestió i la conservació de les col·leccions d’art. Les seves investigacions es centren en l’estudi dels materials i les tècniques artístiques de les obres medievals.</p>
<p>És coordinadora dels estudis experimentals dels  materials i de les tècniques d’execució emprades pels artistes entre els segles XI i XV d’aquest Projecte de Recerca del MICINN “Artistas, Patronos y Público. Cataluña y el Mediterráneo (s. XI-XV) <i>–</i> MAGISTRI CATALONIAE”<i> </i>(HAR2011-23015) pel període 2012-2014.</p>
</div>
</div>
<div class="pos-summary">
<div class="element element-textarea first last">
<h3>PUBLICACIONS</h3>
<ul>
<li>VERDAGUER, J.; ALCAYDE, M.J.; &#8220;Descobrint i interpretant la matèria. La policromia de la pintura sobre taula romànica catalana segons els exemples de Puigbò, Ribes, Espinelves i Lluçà&#8221;, <i>Pintar fa mil anys. El colors i l’ofici del pintor romànic</i>, ed. M. Castiñeiras, J. Verdaguer, Universitat Autònoma de Barcelona, Bellaterra, 2014. <a href="https://drive.google.com/file/d/0B2_c18CTtwNaM3FfTUNjN3VHU0U/view?usp=sharing" target="_blank">[PDF]</a>.</li>
<li>VERDAGUER, J., “Santa Caterina de la Seu d’Urgell. Un altre exemple de dispersió de pintura mural romànica”,<i> La Princesa sàvia. Les pintures de santa caterina de la Seu d’Urgell,</i> MEV-MNAC, 2009, p. 13-22 (catàleg d’exposició). <a href="https://docs.google.com/open?id=0B2_c18CTtwNaZFY3a183S1plVjg" target="_blank">[PDF]</a></li>
<li>VERDAGUER, J., “Il Museo Episcopale de Vic: una raccolta storica in un edificio d’avanguardia”, <i>Kermés,</i> <i> La rivista del restauro</i>, 77 (gener-febrer 2010), p. 55-61.</li>
<li>VERDAGUER, J., “La collection de tissus du Musée Épiscopal de Vic”, <i>Fastes de la Couronne d’Aragon. Dialogue entre les broderies et les tissus du Musée des Tissus de Lyon et du Musée Episcopal de Vic</i>, MEV-MTL, 2010, p. 16-19. <a href="https://docs.google.com/open?id=0B2_c18CTtwNaTV9mVmttekZFOFU" target="_blank">[PDF]</a></li>
<li>VERDAGUER, J.; CASTIÑEIRAS, M., “Noves aportacions sobre la història i la tècnica d&#8217;execució de les pintures murals de Santa Caterina de la Seu d’Urgell: els fragments del Sant Sopar (MEV) i del Martiri de santa Caterina (Fundació Abegg)”, <i>Quaderns del MEV</i>, V (2011-2012), p. 49-77. <a href="https://docs.google.com/open?id=0B2_c18CTtwNaVUJUWnlFLXViekU" target="_blank">[PDF]</a></li>
</ul>
</div>
</div>
<div class="pos-summary" style="text-align: justify; line-height: 1.5;"></div>
</div>
</div>
</div></section></div><div class="flex_column av_one_fourth  flex_column_div av-zero-column-padding   avia-builder-el-2  el_after_av_three_fourth  avia-builder-el-last  " style='border-radius:0px; '><div class='avia-image-container  av-styling-    avia-builder-el-3  avia-builder-el-no-sibling  avia-align-center '  itemprop="image" itemscope="itemscope" itemtype="https://schema.org/ImageObject"  ><div class='avia-image-container-inner'><div class='avia-image-overlay-wrap'><img class='avia_image' src='https://www.magistrimediterranei.org/wp-content/uploads/2016/06/judit-verdaguer.jpg' alt='' title='judit-verdaguer' height="302" width="228"  itemprop="thumbnailUrl"  /></div></div></div></div></p>
