{"id":316,"date":"2016-07-14T07:45:55","date_gmt":"2016-07-14T07:45:55","guid":{"rendered":"http:\/\/www.magistrimediterranei.org\/ca\/?post_type=portfolio&#038;p=316"},"modified":"2016-09-10T07:46:01","modified_gmt":"2016-09-10T07:46:01","slug":"abenza-soria-veronica-carla","status":"publish","type":"portfolio","link":"https:\/\/www.magistrimediterranei.org\/ca\/item\/abenza-soria-veronica-carla\/","title":{"rendered":"Abenza Soria, Ver\u00f3nica Carla"},"content":{"rendered":"<div class=\"flex_column av_three_fourth  flex_column_div av-zero-column-padding first  avia-builder-el-0  el_before_av_one_fourth  avia-builder-el-first  \" style='border-radius:0px; '><section class=\"av_textblock_section \"  itemscope=\"itemscope\" itemtype=\"https:\/\/schema.org\/CreativeWork\" ><div class='avia_textblock  '   itemprop=\"text\" ><h1 class=\"pos-title\" style=\"text-align: justify;\">ABENZA SORIA, VER\u00d3NICA CARLA<\/h1>\n<div class=\"pos-summary\">\n<div class=\"element element-textarea first last\">\n<div class=\"pos-description\">\n<div class=\"element element-textarea first last\">\n<h3>BIOGRAFIA<\/h3>\n<p>Ver\u00f3nica Abenza (Barcelona, 1987), \u00e9s llicenciada en Hist\u00f2ria de l\u2019Art per la Universitat Aut\u00f2noma de Barcelona (UAB, 2007-2011). Complet\u00e0 la seva formaci\u00f3 amb una beca Erasmus, realitzant una estada a la Universit\u00e0 degli Studi di Roma, La Sapienza (2010). Va cursar el M\u00e0ster Oficial en An\u00e0lisi i Gesti\u00f3 del Patrimoni Art\u00edstic de la mateixa Universitat (UAB, 2012-2013), en el marc del qual va desenvolupar unes pr\u00e0ctiques formatives al Museu Episcopal de Vic (MEV). Va realitzar i presentar la seva Tesi de M\u00e0ster (<em>El D\u00edptic de Jaca i la reina Felicia de Roucy. Un model (?) dels perfils de Promoci\u00f3 art\u00edstica femenina a l&#8217;Arag\u00f3 a l&#8217;\u00faltim ter\u00e7 del segle XI<\/em>) sota la supervisi\u00f3 del Prof. Dr. Manuel Casti\u00f1eiras (UAB).<\/p>\n<p>Amb anterioritat, treball\u00e0 com a t\u00e8cnica de patrimoni integrant l&#8217;equip de redacci\u00f3 de <i>La Enciclopedia del Rom\u00e1nico en Espa\u00f1a<\/i>, projecte d\u2019investigaci\u00f3 per a la catalogaci\u00f3 i difusi\u00f3 del patrimoni medieval, impulsat per la Fundaci\u00f3n Santa Mar\u00eda la Real-Centro de Estudios del Rom\u00e1nico. En particular, va col\u00b7laborar en el Volum de Huesca amb m\u00e9s de 70 veus.<\/p>\n<p>Recentment, ha comen\u00e7at a gaudir d\u2019una Beca de Formaci\u00f3 del Personal Investigador (FPI), atorgada pel Ministeri de Ci\u00e8ncia i Innovaci\u00f3 i associada al Departament d\u2019Art i Musicologia de la UAB, en el marc d\u2019aquest Projecte de Recerca del MICINN \u201cArtistes, Patrons i P\u00fablic. Catalunya i el Mediterrani (s. XI-XV) \u2013MAGISTRI CATALONIAE\u201d (HAR2011-23015), pel per\u00edode 2012-2017.\u00a0A ra\u00f3 de la seva condici\u00f3 de bec\u00e0ria FPI realitza tasques docents i de recerca diverses. Des del 2015 imparteix Art Bizant\u00ed en el Grau d&#8217;Hist\u00f2ria de l&#8217;Art de la UAB.<\/p>\n<p>Actualment, completa el seu doctorat sota la direcci\u00f3 del Prof. Dr. Manuel Casti\u00f1eiras (UAB). La seva Tesi Doctoral estudia la <em>Promoci\u00f3 Art\u00edstica Femenina a l&#8217;Arag\u00f3 i Catalunya (Segles XI-XII)<\/em>. \u00c9s investigadora del Projecte de recerca MAGISTRI CATALONIAE i gestiona, amb Manuel Casti\u00f1eiras i Carles S\u00e1nchez, l&#8217;<em>\u00cdndex Magistri Cataloniae<\/em>, un diccionari virtual d\u2019artistes actius a Catalunya i als territoris de la seva influ\u00e8ncia entre els segles XI-XV.<\/p>\n<p>Ha coordinat el <a href=\"https:\/\/drive.google.com\/file\/d\/0B2_c18CTtwNaeDFaT2RqcVp3d1U\/view?usp=sharing\" target=\"_blank\"><em>I Simposi Magistri Cataloniae<\/em>:<\/a>\u00a0&#8220;Artista an\u00f2nim, artista amb signatura. Identitat, estatus i rol de l&#8217;artista en l&#8217;art medieval&#8221;, organitzat pel projecte de recerca MAGISTRI CATALONIAE i el Museu Episcopal de Vic (MEV) (2014). Igualment, ha participat i col\u00b7laborat en l&#8217;organitzaci\u00f3 de diversos congressos, seminaris i workshops internacionals:<\/p>\n<p><a href=\"https:\/\/drive.google.com\/open?id=0B2_c18CTtwNaQ3UwWGd4RnkzY0E&amp;authuser=0\">V. ABENZA:<\/a>\u00a0\u201cEl D\u00edptic de Jaca i la reina Felicia de Roucy\u201d.\u00a0<i>XXI Seminari de Rom\u00e0nic.<\/i>\u00a0<i>Ecos i objectes de Bizanci a Catalunya<\/i><i>.<\/i><i>\u00a0<\/i>Associaci\u00f3 Amics de Besal\u00fa\u00a0i el seu comtat-Universitat Aut\u00f2noma de Barcelona (Magistri Cataloniae). 6-9 juliol 2012.<\/p>\n<p><a href=\"https:\/\/drive.google.com\/open?id=0B2_c18CTtwNaWkxuS0laTnMxbU0&amp;authuser=0\" target=\"_blank\">V. ABENZA:<\/a> (Poster) &#8220;The Jaca ivories: towards a re-evaluation of 11th Century Female patronage in the Kingdom of Aragon&#8221;.\u00a0<em>Romanesque Art. Patrons and processes<\/em><em>.<\/em>\u00a0British Archeological Association-Museu Nacional d&#8217;Art de Catalunya. 7-9 Abril 2014.\u00a0<a href=\"https:\/\/drive.google.com\/file\/d\/0B2_c18CTtwNadHlaLTFtcG9aamM\/view?usp=sharing\" target=\"_blank\">[Poster]<\/a><\/p>\n<p><a href=\"https:\/\/drive.google.com\/open?id=0B2_c18CTtwNaNjQyTUFGc1NJbUU&amp;authuser=0\" target=\"_blank\">V. ABENZA:<\/a> &#8220;El taller de orfebrer\u00eda del abad B\u00e9gon III y Arag\u00f3n a finales del siglo XI&#8221;.\u00a0<em>Workshop.\u00a0L\u2019abbatiale Sainte-Foy de Conques et son rayonnement aux XIe et XIIe si\u00e8cles.<\/em>\u00a0Universitat Aut\u00f2noma de Barcelona (Magistri Cataloniae). 7 Maig 2014.<\/p>\n<p><a href=\"https:\/\/drive.google.com\/open?id=0B2_c18CTtwNaRXpHZ3IybGZJNE0&amp;authuser=0\" target=\"_blank\">V. ABENZA:<\/a> &#8220;Mujeres y artistas. \u00bfUn g\u00e9nero subestimado?&#8221;.\u00a0<em>I SIMPOSI INTERNACIONAL MAGISTRI CATALONIAE. Artista an\u00f2nim, artista amb signatura. Identitat, estatus i rol de l&#8217;artista en l&#8217;art medieval<\/em>.\u00a0Universitat Aut\u00f2noma de Barcelona (Magistri Cataloniae)-Museu Episcopal de Vic. 7-8 Novembre 2014.<\/p>\n<p><a href=\"https:\/\/drive.google.com\/open?id=0B2_c18CTtwNaRFdoSzgzWm9nWDQ&amp;authuser=0\" target=\"_blank\">V. ABENZA:<\/a> &#8220;IN THE NAME OF THE QUEEN. Female patron portraits and inscriptions in 11th Century Aragon&#8221;,\u00a0<em>International Conference. Presence and InVisibility. Sign-bearing artefacts in sacred spaces<\/em>. Materiale Textkulturen, Universit\u00e4t Heidelberg. 23-25 Febrer 2015.<\/p>\n<p>Ha integrat l&#8217;equip de documentaci\u00f3 de l&#8217;Exposici\u00f3 <a href=\"https:\/\/drive.google.com\/file\/d\/0B2_c18CTtwNaWkVGb3hfWUhLblU\/view?usp=sharing\">&#8220;Pintar fa mil anys. Els colors del Rom\u00e0nic&#8221;<\/a> (Sala temporal del Museu Episcopal de Vic\/ 31 Maig-14 Desembre 2014), organitzada pel Museu Episcopal de Vic\u00a0amb la col\u00b7laboraci\u00f3 del projecte\u00a0MAGISTRI CATALONIAE, del CETEC-patrimoni (IQS-UAB), i del Centre de Restauraci\u00f3 de B\u00e9ns Mobles de Catalunya. Igualment, ha format part de l&#8217;equip de documentaci\u00f3 per a l&#8217;edici\u00f3 del llibre: <a href=\"https:\/\/drive.google.com\/file\/d\/0B2_c18CTtwNaYUFvSnBfeV9Nek0\/view?usp=sharing\" target=\"_blank\"><em>Pintar fa mil anys. Els colors i l&#8217;ofici del pintor rom\u00e0nic<\/em> <\/a>(Bellaterra: Servei de Publicacions de la Universitat Aut\u00f2noma de Barcelona\/MAGISTRI CATALONIAE, 2014. ISBN: \u00a0978-84-490-4848-7)\u00a0[CASTI\u00d1EIRAS, M.; VERDAGUER, J. (ed.)].<\/p>\n<p>Ver\u00f3nica Abenza \u00e9s integrant del nou GRUP DE RECERCA (GdR) MAGISTRI CATALONIAE de la Universitat Aut\u00f2noma de \u00a0Barcelona, el qual est\u00e0 adscrit al Departament d&#8217;Art i Musicologia de la UAB.<\/p>\n<p>L\u00ednies d&#8217;investigaci\u00f3<\/p>\n<ul>\n<li>Promoci\u00f3 art\u00edstica femenina a l&#8217;Edat Mitjana.<\/li>\n<li>Art i arquitectura en la Pen\u00ednsula Ib\u00e8rica en els segles XI i XII, amb particular inter\u00e8s en l&#8217;impacte de les circumst\u00e0ncies hist\u00f2riques i socials en el desenvolupament formal de l&#8217;art.<\/li>\n<li>Intercanvis art\u00edstics entre el Mediterrani Occidental i Oriental en els segles XII i XIII.<\/li>\n<\/ul>\n<\/div>\n<\/div>\n<div class=\"pos-summary\">\n<div class=\"element element-textarea first last\">\n<h3>PUBLICACIONS<\/h3>\n<ul>\n<li>ABENZA, V., &#8220;EGO REGINA: un nuevo retrato del patrocinio art\u00edstico femenino en Arag\u00f3n a finales del siglo XI&#8221;, <em>Rom\u00e1nico. Revista de arte de Amigos del Rom\u00e1nico (AdR).<\/em>\u00a0[En premsa].<\/li>\n<li>ABENZA, V., &#8220;Mujeres y artistas: \u00bfUn g\u00e9nero subestimado?&#8221;, <em>Artista an\u00f2nim, artista amb signatura: Identitat, estatus i rol de l&#8217;artista en l&#8217;art medieval<\/em>, CASTI\u00d1EIRAS, M. (ed.). [En premsa].<\/li>\n<li>ABENZA, V., &#8220;In the name of the queen: female patron portraits and inscriptions in 11th Century Aragon and Navarre&#8221;,\u00a0<em>Presence and InVisibility. Sign-bearing artefacts in sacred spaces,\u00a0<\/em>KEIL, W.; KIYANRAD, S.; THEIS, C.; WILLER, L. (ed.).\u00a0[En premsa].<\/li>\n<li>ABENZA, V., &#8220;The Jaca ivories:\u00a0towards a re-evaluation of 11th Century Female patronage in the Kingdom of Aragon&#8221;, <em>Romanesque Art. Patrons and processes<\/em>, McNEILL, J.; PLANT, R.; CASTI\u00d1EIRAS, M.; CAMPS, J. (ed.). [En premsa].<\/li>\n<li>CASTI\u00d1EIRAS, M.; ABENZA, V., &#8220;Sant Mart\u00ed de Puigb\u00f2: una iconografia per a Ramon Berenguer III?&#8221;,\u00a0<i>Pintar fa mil anys. Els colors i l&#8217;ofici del pintor rom\u00e0nic,<\/i>\u00a0CASTI\u00d1EIRAS, M.; VERDAGUER, J. (ed.), Bellaterra: Servei de Publicacions de la Universitat Aut\u00f2noma de Barcelona en col\u00b7laboraci\u00f3 amb Magistri Cataloniae, 2014, p. 71-86 [ISBN: 978-84-490-4848-7].\u00a0<a href=\"https:\/\/drive.google.com\/file\/d\/0B2_c18CTtwNaSlpkZWZZZXdCeFE\/view?usp=sharing\" target=\"_blank\">[PDF]<\/a><\/li>\n<li>ABENZA, V., &#8220;El D\u00edptic de Jaca i la reina Felicia de Roucy&#8221;, <em>S\u00edntesi. Quaderns dels Seminaris de Besal\u00fa. Catalunya i la Mediterr\u00e0nia: circulaci\u00f3 d&#8217;artistes, objectes i models<\/em>, 2 (2014), p. 27-54 [ISSN: 2339-6741]. <a href=\"https:\/\/drive.google.com\/file\/d\/0B2_c18CTtwNaM2VIaURXQVNDaVk\/view?usp=sharing\" target=\"_blank\">[PDF]<\/a><\/li>\n<\/ul>\n<\/div>\n<\/div>\n<\/div>\n<\/div>\n<\/div><\/section><\/div>\n<div class=\"flex_column av_one_fourth  flex_column_div av-zero-column-padding   avia-builder-el-2  el_after_av_three_fourth  avia-builder-el-last  \" style='border-radius:0px; '><div class='avia-image-container  av-styling-    avia-builder-el-3  avia-builder-el-no-sibling  avia-align-center '  itemprop=\"image\" itemscope=\"itemscope\" itemtype=\"https:\/\/schema.org\/ImageObject\"  ><div class='avia-image-container-inner'><div class='avia-image-overlay-wrap'><img class='avia_image' src='https:\/\/www.magistrimediterranei.org\/wp-content\/uploads\/2016\/07\/veronica-abenza-226x300.jpg' alt='' title='veronica-abenza' height=\"300\" width=\"226\"  itemprop=\"thumbnailUrl\"  \/><\/div><\/div><\/div><\/div>\n","protected":false},"excerpt":{"rendered":"","protected":false},"featured_media":390,"comment_status":"open","ping_status":"closed","template":"","tags":[],"portfolio_entries":[29],"_links":{"self":[{"href":"https:\/\/www.magistrimediterranei.org\/ca\/wp-json\/wp\/v2\/portfolio\/316"}],"collection":[{"href":"https:\/\/www.magistrimediterranei.org\/ca\/wp-json\/wp\/v2\/portfolio"}],"about":[{"href":"https:\/\/www.magistrimediterranei.org\/ca\/wp-json\/wp\/v2\/types\/portfolio"}],"replies":[{"embeddable":true,"href":"https:\/\/www.magistrimediterranei.org\/ca\/wp-json\/wp\/v2\/comments?post=316"}],"version-history":[{"count":0,"href":"https:\/\/www.magistrimediterranei.org\/ca\/wp-json\/wp\/v2\/portfolio\/316\/revisions"}],"wp:featuredmedia":[{"embeddable":true,"href":"https:\/\/www.magistrimediterranei.org\/ca\/wp-json\/wp\/v2\/media\/390"}],"wp:attachment":[{"href":"https:\/\/www.magistrimediterranei.org\/ca\/wp-json\/wp\/v2\/media?parent=316"}],"wp:term":[{"taxonomy":"post_tag","embeddable":true,"href":"https:\/\/www.magistrimediterranei.org\/ca\/wp-json\/wp\/v2\/tags?post=316"},{"taxonomy":"portfolio_entries","embeddable":true,"href":"https:\/\/www.magistrimediterranei.org\/ca\/wp-json\/wp\/v2\/portfolio_entries?post=316"}],"curies":[{"name":"wp","href":"https:\/\/api.w.org\/{rel}","templated":true}]}}

Abenza Soria, Verónica Carla

<div class="flex_column av_three_fourth  flex_column_div av-zero-column-padding first  avia-builder-el-0  el_before_av_one_fourth  avia-builder-el-first  " style='border-radius:0px; '><section class="av_textblock_section "  itemscope="itemscope" itemtype="https://schema.org/CreativeWork" ><div class='avia_textblock  '   itemprop="text" ><h1 class="pos-title" style="text-align: justify;">ABENZA SORIA, VERÓNICA CARLA</h1>
<div class="pos-summary">
<div class="element element-textarea first last">
<div class="pos-description">
<div class="element element-textarea first last">
<h3>BIOGRAFIA</h3>
<p>Verónica Abenza (Barcelona, 1987), és llicenciada en Història de l’Art per la Universitat Autònoma de Barcelona (UAB, 2007-2011). Completà la seva formació amb una beca Erasmus, realitzant una estada a la Università degli Studi di Roma, La Sapienza (2010). Va cursar el Màster Oficial en Anàlisi i Gestió del Patrimoni Artístic de la mateixa Universitat (UAB, 2012-2013), en el marc del qual va desenvolupar unes pràctiques formatives al Museu Episcopal de Vic (MEV). Va realitzar i presentar la seva Tesi de Màster (<em>El Díptic de Jaca i la reina Felicia de Roucy. Un model (?) dels perfils de Promoció artística femenina a l&#8217;Aragó a l&#8217;últim terç del segle XI</em>) sota la supervisió del Prof. Dr. Manuel Castiñeiras (UAB).</p>
<p>Amb anterioritat, treballà com a tècnica de patrimoni integrant l&#8217;equip de redacció de <i>La Enciclopedia del Románico en España</i>, projecte d’investigació per a la catalogació i difusió del patrimoni medieval, impulsat per la Fundación Santa María la Real-Centro de Estudios del Románico. En particular, va col·laborar en el Volum de Huesca amb més de 70 veus.</p>
<p>Recentment, ha començat a gaudir d’una Beca de Formació del Personal Investigador (FPI), atorgada pel Ministeri de Ciència i Innovació i associada al Departament d’Art i Musicologia de la UAB, en el marc d’aquest Projecte de Recerca del MICINN “Artistes, Patrons i Públic. Catalunya i el Mediterrani (s. XI-XV) –MAGISTRI CATALONIAE” (HAR2011-23015), pel període 2012-2017. A raó de la seva condició de becària FPI realitza tasques docents i de recerca diverses. Des del 2015 imparteix Art Bizantí en el Grau d&#8217;Història de l&#8217;Art de la UAB.</p>
<p>Actualment, completa el seu doctorat sota la direcció del Prof. Dr. Manuel Castiñeiras (UAB). La seva Tesi Doctoral estudia la <em>Promoció Artística Femenina a l&#8217;Aragó i Catalunya (Segles XI-XII)</em>. És investigadora del Projecte de recerca MAGISTRI CATALONIAE i gestiona, amb Manuel Castiñeiras i Carles Sánchez, l&#8217;<em>Índex Magistri Cataloniae</em>, un diccionari virtual d’artistes actius a Catalunya i als territoris de la seva influència entre els segles XI-XV.</p>
<p>Ha coordinat el <a href="https://drive.google.com/file/d/0B2_c18CTtwNaeDFaT2RqcVp3d1U/view?usp=sharing" target="_blank"><em>I Simposi Magistri Cataloniae</em>:</a> &#8220;Artista anònim, artista amb signatura. Identitat, estatus i rol de l&#8217;artista en l&#8217;art medieval&#8221;, organitzat pel projecte de recerca MAGISTRI CATALONIAE i el Museu Episcopal de Vic (MEV) (2014). Igualment, ha participat i col·laborat en l&#8217;organització de diversos congressos, seminaris i workshops internacionals:</p>
<p><a href="https://drive.google.com/open?id=0B2_c18CTtwNaQ3UwWGd4RnkzY0E&amp;authuser=0">V. ABENZA:</a> “El Díptic de Jaca i la reina Felicia de Roucy”. <i>XXI Seminari de Romànic.</i> <i>Ecos i objectes de Bizanci a Catalunya</i><i>.</i><i> </i>Associació Amics de Besalú i el seu comtat-Universitat Autònoma de Barcelona (Magistri Cataloniae). 6-9 juliol 2012.</p>
<p><a href="https://drive.google.com/open?id=0B2_c18CTtwNaWkxuS0laTnMxbU0&amp;authuser=0" target="_blank">V. ABENZA:</a> (Poster) &#8220;The Jaca ivories: towards a re-evaluation of 11th Century Female patronage in the Kingdom of Aragon&#8221;. <em>Romanesque Art. Patrons and processes</em><em>.</em> British Archeological Association-Museu Nacional d&#8217;Art de Catalunya. 7-9 Abril 2014. <a href="https://drive.google.com/file/d/0B2_c18CTtwNadHlaLTFtcG9aamM/view?usp=sharing" target="_blank">[Poster]</a></p>
<p><a href="https://drive.google.com/open?id=0B2_c18CTtwNaNjQyTUFGc1NJbUU&amp;authuser=0" target="_blank">V. ABENZA:</a> &#8220;El taller de orfebrería del abad Bégon III y Aragón a finales del siglo XI&#8221;. <em>Workshop. L’abbatiale Sainte-Foy de Conques et son rayonnement aux XIe et XIIe siècles.</em> Universitat Autònoma de Barcelona (Magistri Cataloniae). 7 Maig 2014.</p>
<p><a href="https://drive.google.com/open?id=0B2_c18CTtwNaRXpHZ3IybGZJNE0&amp;authuser=0" target="_blank">V. ABENZA:</a> &#8220;Mujeres y artistas. ¿Un género subestimado?&#8221;. <em>I SIMPOSI INTERNACIONAL MAGISTRI CATALONIAE. Artista anònim, artista amb signatura. Identitat, estatus i rol de l&#8217;artista en l&#8217;art medieval</em>. Universitat Autònoma de Barcelona (Magistri Cataloniae)-Museu Episcopal de Vic. 7-8 Novembre 2014.</p>
<p><a href="https://drive.google.com/open?id=0B2_c18CTtwNaRFdoSzgzWm9nWDQ&amp;authuser=0" target="_blank">V. ABENZA:</a> &#8220;IN THE NAME OF THE QUEEN. Female patron portraits and inscriptions in 11th Century Aragon&#8221;, <em>International Conference. Presence and InVisibility. Sign-bearing artefacts in sacred spaces</em>. Materiale Textkulturen, Universität Heidelberg. 23-25 Febrer 2015.</p>
<p>Ha integrat l&#8217;equip de documentació de l&#8217;Exposició <a href="https://drive.google.com/file/d/0B2_c18CTtwNaWkVGb3hfWUhLblU/view?usp=sharing">&#8220;Pintar fa mil anys. Els colors del Romànic&#8221;</a> (Sala temporal del Museu Episcopal de Vic/ 31 Maig-14 Desembre 2014), organitzada pel Museu Episcopal de Vic amb la col·laboració del projecte MAGISTRI CATALONIAE, del CETEC-patrimoni (IQS-UAB), i del Centre de Restauració de Béns Mobles de Catalunya. Igualment, ha format part de l&#8217;equip de documentació per a l&#8217;edició del llibre: <a href="https://drive.google.com/file/d/0B2_c18CTtwNaYUFvSnBfeV9Nek0/view?usp=sharing" target="_blank"><em>Pintar fa mil anys. Els colors i l&#8217;ofici del pintor romànic</em> </a>(Bellaterra: Servei de Publicacions de la Universitat Autònoma de Barcelona/MAGISTRI CATALONIAE, 2014. ISBN:  978-84-490-4848-7) [CASTIÑEIRAS, M.; VERDAGUER, J. (ed.)].</p>
<p>Verónica Abenza és integrant del nou GRUP DE RECERCA (GdR) MAGISTRI CATALONIAE de la Universitat Autònoma de  Barcelona, el qual està adscrit al Departament d&#8217;Art i Musicologia de la UAB.</p>
<p>Línies d&#8217;investigació</p>
<ul>
<li>Promoció artística femenina a l&#8217;Edat Mitjana.</li>
<li>Art i arquitectura en la Península Ibèrica en els segles XI i XII, amb particular interès en l&#8217;impacte de les circumstàncies històriques i socials en el desenvolupament formal de l&#8217;art.</li>
<li>Intercanvis artístics entre el Mediterrani Occidental i Oriental en els segles XII i XIII.</li>
</ul>
</div>
</div>
<div class="pos-summary">
<div class="element element-textarea first last">
<h3>PUBLICACIONS</h3>
<ul>
<li>ABENZA, V., &#8220;EGO REGINA: un nuevo retrato del patrocinio artístico femenino en Aragón a finales del siglo XI&#8221;, <em>Románico. Revista de arte de Amigos del Románico (AdR).</em> [En premsa].</li>
<li>ABENZA, V., &#8220;Mujeres y artistas: ¿Un género subestimado?&#8221;, <em>Artista anònim, artista amb signatura: Identitat, estatus i rol de l&#8217;artista en l&#8217;art medieval</em>, CASTIÑEIRAS, M. (ed.). [En premsa].</li>
<li>ABENZA, V., &#8220;In the name of the queen: female patron portraits and inscriptions in 11th Century Aragon and Navarre&#8221;, <em>Presence and InVisibility. Sign-bearing artefacts in sacred spaces, </em>KEIL, W.; KIYANRAD, S.; THEIS, C.; WILLER, L. (ed.). [En premsa].</li>
<li>ABENZA, V., &#8220;The Jaca ivories: towards a re-evaluation of 11th Century Female patronage in the Kingdom of Aragon&#8221;, <em>Romanesque Art. Patrons and processes</em>, McNEILL, J.; PLANT, R.; CASTIÑEIRAS, M.; CAMPS, J. (ed.). [En premsa].</li>
<li>CASTIÑEIRAS, M.; ABENZA, V., &#8220;Sant Martí de Puigbò: una iconografia per a Ramon Berenguer III?&#8221;, <i>Pintar fa mil anys. Els colors i l&#8217;ofici del pintor romànic,</i> CASTIÑEIRAS, M.; VERDAGUER, J. (ed.), Bellaterra: Servei de Publicacions de la Universitat Autònoma de Barcelona en col·laboració amb Magistri Cataloniae, 2014, p. 71-86 [ISBN: 978-84-490-4848-7]. <a href="https://drive.google.com/file/d/0B2_c18CTtwNaSlpkZWZZZXdCeFE/view?usp=sharing" target="_blank">[PDF]</a></li>
<li>ABENZA, V., &#8220;El Díptic de Jaca i la reina Felicia de Roucy&#8221;, <em>Síntesi. Quaderns dels Seminaris de Besalú. Catalunya i la Mediterrània: circulació d&#8217;artistes, objectes i models</em>, 2 (2014), p. 27-54 [ISSN: 2339-6741]. <a href="https://drive.google.com/file/d/0B2_c18CTtwNaM2VIaURXQVNDaVk/view?usp=sharing" target="_blank">[PDF]</a></li>
</ul>
</div>
</div>
</div>
</div>
</div></section></div>
<div class="flex_column av_one_fourth  flex_column_div av-zero-column-padding   avia-builder-el-2  el_after_av_three_fourth  avia-builder-el-last  " style='border-radius:0px; '><div class='avia-image-container  av-styling-    avia-builder-el-3  avia-builder-el-no-sibling  avia-align-center '  itemprop="image" itemscope="itemscope" itemtype="https://schema.org/ImageObject"  ><div class='avia-image-container-inner'><div class='avia-image-overlay-wrap'><img class='avia_image' src='https://www.magistrimediterranei.org/wp-content/uploads/2016/07/veronica-abenza-226x300.jpg' alt='' title='veronica-abenza' height="300" width="226"  itemprop="thumbnailUrl"  /></div></div></div></div>
